et d(j) = 4*j**3 + j**2 - 16*j + 5. Calculate d(-5).
-390
Let a(o) = 413*o**2 - 66494*o + 116. Give a(161).
-45
Let u(c) = -2*c**3 - 508*c**2 + 48*c + 12204. What is u(-254)?
12
Let s(t) = 23*t**2 + 1307*t - 10323. What is s(7)?
-47
Let s(f) = 2478*f + 1647867. What is s(-665)?
-3
Let w(f) = -9*f**3 + 3*f**2 + 459*f + 903. Determine w(-2).
69
Let h(m) = 541*m**3 + 57*m**2 + 51*m - 11. What is h(-1)?
-546
Let c(f) = -682*f - 50. Give c(0).
-50
Let g(m) = -4*m**2 - 20879*m - 104327. Give g(-5).
-32
Let j(g) = -2153*g**2 + 178698*g + 15. Determine j(83).
-68
Let d(r) = -19878*r - 40749894. Calculate d(-2050).
6
Let d(o) = -14341*o + 258141. What is d(18)?
3
Let o(s) = -49989*s - 6948472. Determine o(-139).
-1
Let c(a) = -339170*a - 17297664. What is c(-51)?
6
Let o(z) = z**3 - 60*z**2 - 571*z + 1829. Calculate o(68).
-7
Let p(h) = -4*h**3 + 1146*h**2 + 573*h + 280. What is p(287)?
-7
Let l(c) = -c**3 - 75*c**2 - 1341*c - 217. Calculate l(-29).
-14
Let q(m) = 12*m**3 - 4150*m**2 - 696*m + 1378. Calculate q(346).
-6
Let j(v) = v**3 + 134*v**2 + 2720*v - 539. Determine j(-109).
6
Let n(g) = -28195*g - 394239. Give n(-14).
491
Let d(a) = -a**3 - 2*a**2 + 195*a + 912. Give d(-5).
12
Let m(n) = 4833*n + 269929. Give m(-56).
-719
Let z(v) = v**3 - 55*v**2 - 1796*v - 4164. Give z(-21).
36
Let d(p) = -p**3 + 116*p**2 - 551*p - 11601. Determine d(110).
389
Let i(a) = 3*a**2 - 118739*a - 593749. Determine i(-5).
21
Let l(u) = -934*u + 10699. Calculate l(10).
1359
Let g(z) = z**2 + 65*z + 432. Determine g(-11).
-162
Let w(j) = -j**2 - 1630*j - 11338. What is w(-7)?
23
Let b(p) = 163287*p + 326581. What is b(-2)?
7
Let y(l) = -l**2 - 600*l - 50839. Determine y(-102).
-43
Let u(r) = -253306*r + 1519874. What is u(6)?
38
Let p(r) = -r**3 - r**2 - 4*r - 101. Calculate p(-5).
19
Let q(k) = -7*k**2 + 1624*k - 77391. What is q(67)?
-6
Let n(y) = y**3 - 145*y**2 + 2863*y - 23. Determine n(121).
-4984
Let o(z) = z**3 - 15*z**2 + 40*z - 59. Determine o(11).
-103
Let v(r) = r**3 - 89*r**2 + 1825*r - 77. Give v(31).
760
Let z(k) = -k**3 - 94*k**2 + 293*k + 273. Calculate z(-97).
79
Let z(s) = -16*s**2 + 878*s - 1715. What is z(2)?
-23
Let d(s) = -130*s + 16243. Determine d(121).
513
Let m(o) = 63*o**2 - 12047*o + 783. Determine m(191).
-1891
Let t(d) = -d**2 + 36740*d - 514176. Give t(14).
-12
Let s(a) = -337*a - 3799. Give s(-11).
-92
Let i(k) = -4*k**3 - 2595*k**2 - 17335*k - 967. Determine i(-642).
-325
Let f(m) = 233*m + 13155. Calculate f(-57).
-126
Let d(t) = -10*t**2 + 646*t - 877. Give d(63).
131
Let h(n) = 224*n + 21936. What is h(-100)?
-464
Let c(l) = 2736*l + 68405. Determine c(-25).
5
Let z(h) = 6098*h + 97274. Determine z(-16).
-294
Let v(s) = s**3 + 48*s**2 + 94*s + 2400. What is v(-48)?
-2112
Let q(u) = u**2 + 171*u + 2658. Calculate q(-18).
-96
Let r(u) = u**3 + 66*u**2 + 460*u - 261. Determine r(-58).
-29
Let l(u) = -2*u**2 - 2841*u - 11358. Give l(-4).
-26
Let o(h) = -3*h**3 - 15*h**2 + 70*h + 856. Give o(-10).
1656
Let z(u) = -328*u + 11619. What is z(35)?
139
Let y(v) = 460*v - 10985. Calculate y(28).
1895
Let h(d) = 14098*d - 1254720. Give h(89).
2
Let k(t) = -1990*t**2 - 1997*t - 12. What is k(-1)?
-5
Let o(l) = 1380*l + 884585. What is o(-641)?
5
Let o(a) = -41581*a + 789905. Determine o(19).
-134
Let z(k) = -k**3 + 3*k**2 - 367508*k + 1837589. Calculate z(5).
-1
Let c(a) = a**2 - 810*a + 158984. Calculate c(476).
0
Let x(b) = b**3 - 1136*b**2 - 5243*b - 1837471. Determine x(1142).
7
Let o(v) = 213*v - 7708. Determine o(37).
173
Let t(u) = -89489*u - 178972. Determine t(-2).
6
Let q(i) = 736*i**2 + 9602*i + 396. Determine q(-13).
-46
Let v(f) = -1873*f - 28261. What is v(-15)?
-166
Let l(g) = -46*g**2 - 356*g - 39. Give l(-5).
591
Let h(d) = -6668*d - 106706. Determine h(-16).
-18
Let r(a) = -3*a**2 + 712*a + 36816. Calculate r(281).
5
Let r(d) = 2*d**3 + 181*d**2 + 4781*d + 443350. Calculate r(-91).
-2
Let a(t) = t**2 + 203*t - 7936. What is a(32)?
-416
Let z(t) = 3*t - 709. Calculate z(243).
20
Let i(a) = -26715*a + 140. What is i(0)?
140
Let m(p) = -17558*p - 105342. Give m(-6).
6
Let z(n) = 3*n**3 + 402*n**2 + 9132*n - 318. Give z(-105).
-3
Let j(a) = a**3 - 51*a**2 - 26*a + 3533. What is j(49)?
-2543
Let i(r) = -5*r**2 - 87*r + 16. Give i(-23).
-628
Let t(i) = -11*i**2 - 2726*i - 47443. What is t(-229)?
-40
Let y(s) = -920*s + 17533. Determine y(19).
53
Let a(x) = x**3 - 24*x**2 - 388*x + 9477. What is a(23)?
24
Let v(p) = -p**2 - 3274*p - 227420. Calculate v(-71).
-7
Let g(x) = 6*x**2 + 1369*x + 8051. Determine g(-6).
53
Let f(q) = -984*q**2 + 12724*q - 33. Determine f(13).
-917
Let h(x) = -10189*x + 163262. What is h(16)?
238
Let f(i) = 1241*i + 1385. Calculate f(-2).
-1097
Let v(r) = -5*r**3 - 797*r**2 + 243*r - 37923. Give v(-160).
-3
Let k(c) = -2*c**2 + 124*c - 576. Give k(60).
-336
Let o(w) = w**3 + 2*w**2 - 147*w + 410. Determine o(10).
140
Let l(j) = 1559*j + 12478. Determine l(-8).
6
Let x(b) = -235968*b - 1887747. Determine x(-8).
-3
Let d(o) = 36*o**3 + 189*o**2 + 344*o + 1497. What is d(-5)?
2
Let n(f) = f**2 + 48*f - 665. Give n(-54).
-341
Let k(x) = 105848*x + 635046. What is k(-6)?
-42
Let x(q) = 49*q - 537. Determine x(7).
-194
Let w(d) = -d**3 + 952*d**2 - 75260*d + 447. Give w(87).
12
Let f(s) = -2*s**2 + 228*s - 3133. What is f(97)?
165
Let m(o) = o**2 - 1614*o + 245478. Determine m(1444).
-2
Let x(c) = -572*c + 59590. What is x(108)?
-2186
Let v(r) = -5*r**3 - 109*r**2 + 396*r - 99. What is v(-25)?
1
Let o(l) = -19938*l - 2193186. Calculate o(-110).
-6
Let i(n) = -38*n**2 - 3116*n - 178. Calculate i(-82).
-178
Let y(z) = -5*z**2 + 213*z + 10105. Determine y(71).
23
Let c(g) = -1964*g - 365237. Calculate c(-186).
67
Let v(i) = 60*i - 472. Give v(8).
8
Let z(n) = 6800*n + 1142407. Calculate z(-168).
7
Let c(h) = h**3 + 12*h**2 - 35*h + 1263. What is c(-18)?
-51
Let z(j) = 862*j - 82547. What is z(96)?
205
Let s(l) = 10*l**2 + 377*l + 168. Calculate s(-31).
-1909
Let f(x) = 3*x**3 - 181*x**2 + 248*x - 114. What is f(59)?
594
Let t(i) = -40093*i + 521211. Calculate t(13).
2
Let o(u) = -2017*u - 38883. Calculate o(-19).
-560
Let w(r) = -3*r**2 + 9195*r - 18390. Calculate w(2).
-12
Let a(j) = j**3 + 397*j**2 - 66*j - 26227. What is a(-397)?
-25
Let q(u) = -583*u - 9497. What is q(-21)?
2746
Let y(a) = 1851*a - 57405. Determine y(31).
-24
Let v(j) = -8*j**2 - 6947*j - 261137. Determine v(-829).
-2
Let b(h) = h**3 - 5*h**2 - 483*h + 1534. Determine b(23).
-53
Let u(c) = 419*c**2 - 9637*c + 12. What is u(23)?
12
Let j(n) = 564*n**2 - 572*n. Determine j(1).
-8
Let v(g) = -5*g**2 + 34*g - 44. Give v(17).
-911
Let a(b) = 4*b**2 - 1850*b + 5513. Give a(3).
-1
Let r(t) = -t**3 - 76*t**2 + 61*t + 19. Give r(0).
19
Let t(l) = -134241*l - 1208174. Give t(-9).
-5
Let d(h) = 11*h**2 - 16*h - 345. Determine d(-6).
147
Let b(m) = -m**3 + 46*m**2 + 1620*m - 1441. Determine b(-24).
-1
Let a(m) = -1886*m + 79370. Calculate a(42).
158
Let a(u) = 2858*u - 197217. Determine a(69).
-15
Let v(s) = -103*s**2 - 2249*s - 1830. Calculate v(-21).
-24
Let b(s) = 567*s - 14765. What is b(25)?
-590
Let l(o) = 5*o**3 - 15*o**2 - 56658*o + 169978. Give l(3).
4
Let v(p) = -3*p**3 + 41*p**2 + 31*p - 93. Determine v(14).
145
Let p(v) = -14*v**3 + 211*v**2 - 391*v + 177. What is p(13)?
-5
Let t(w) = -w**3 - 55*w**2 - 398*w + 1395. Give t(-12).
-21
Let z(y) = y**2 + 911*y + 201294. What is z(-377)?
-24
Let l(c) = -28614*c + 1001498. Calculate l(35).
8
Let f(s) = 459423*s + 1837625. Give f(-4).
-67
Let g(y) = 37765*y - 37772. Calculate g(1).
-7
Let a(b) = -b**3 + 108*b**2 + 79*b + 2568. What is a(109)?
-702
Let a(c) = 8523*c + 55. Determine a(0).
55
Let d(q) = -q**3 - 33*q**2 - 82*q - 10253. What is d(-38)?
83
Let x(q) = q**3 + 246*q**2 - 758*q - 2755. Give x(-249).
-16
Let d(m) = -1508*m - 16213. Give d(-12).
1883
Let i(j) = -j**3 + 150*j**2 + 3724*j - 577072. Calculate i(149).
5
Let g(l) = l**3 - 18*l**2 + 65*l - 41. Give g(10).
-191
Let u(m) = m**3 + 6*m**2 + 1485*m - 2976. Determine u(2).
26
Let o(z) = -11475*z + 608176. Give o(53).
1
Let a(r) = 48*r**2 - 2037*r - 146. Calculate a(46).
7720
Let i(g) = -g**3 - 85*g**2 + 6832*g + 574331. Calculate i(-90).
-49
Let k(c) = c**2 + 6463*c + 45205. Give k(-7).
13
Let s(n) = n**3 - 159*n**2 + 5898*n - 4796. What is